{"id":1546,"date":"2023-03-08T11:50:36","date_gmt":"2023-03-08T10:50:36","guid":{"rendered":"https:\/\/gdck-belimanastir.hr\/?page_id=1546"},"modified":"2024-12-11T17:52:29","modified_gmt":"2024-12-11T16:52:29","slug":"minuta-zivota","status":"publish","type":"page","link":"https:\/\/gdck-belimanastir.hr\/?page_id=1546","title":{"rendered":"Minuta \u017eivota"},"content":{"rendered":"\n<p><strong>NOSITELJ:<\/strong>&nbsp;Hrvatski Crveni kri\u017e Gradsko dru\u0161tvo Crvenog kri\u017ea Beli Manastir<\/p>\n\n\n\n<p><strong>IZVOR FINANCIRANJA:<\/strong>&nbsp;Projekt &#8220;Minuta \u017eivota&#8221; je sufinanciran od Europske komisije iz programa Europskih snaga solidarnosti. <a href=\"https:\/\/www.facebook.com\/hashtag\/eu?__eep__=6&amp;__cft__[0]=AZWtOqacAgVy2mSGndxOTUl03DI6Tsqd0EejZTMbEMCjbjidblg06tqxmYDh4TYKGaDX26ZluKrO4F_oi4bDmPFW8pTQHsgJ-mwuJvXGpEe0XKcXJK8vhwBtku1YnNA0uEINLM4uXmoqmv7YQRuzIYOzQns1wc4FQ6TU8QKeM5HH_wFUgnE3FislIXva-m-PpIM&amp;__tn__=*NK-R\">#eu<\/a><a href=\"https:\/\/www.facebook.com\/hashtag\/ess?__eep__=6&amp;__cft__[0]=AZWtOqacAgVy2mSGndxOTUl03DI6Tsqd0EejZTMbEMCjbjidblg06tqxmYDh4TYKGaDX26ZluKrO4F_oi4bDmPFW8pTQHsgJ-mwuJvXGpEe0XKcXJK8vhwBtku1YnNA0uEINLM4uXmoqmv7YQRuzIYOzQns1wc4FQ6TU8QKeM5HH_wFUgnE3FislIXva-m-PpIM&amp;__tn__=*NK-R\">#ess<\/a><img loading=\"lazy\" height=\"16\" width=\"16\" alt=\"??\" src=\"https:\/\/static.xx.fbcdn.net\/images\/emoji.php\/v9\/tdd\/1\/16\/1f1ea_1f1fa.png\"><\/p>\n\n\n\n<p><strong>VRIJEDNOST PROJEKTA:<\/strong> 5.888,00 eura<\/p>\n\n\n\n<p><strong>TRAJANJE PROJEKTA:<\/strong> 01.01.-31.10.2023.<\/p>\n\n\n\n<p>Projektom &#8220;Minuta \u017eivota&#8221; grupa mladih volontera ima u cilju educirati djecu osnovno\u0161kolske i vrti\u0107ke dobi, \u0161ire gra\u0111anstvo i \u010dlanove udruga o postupcima prve pomo\u0107i i na\u010dinu upotrebe automatskog vanjskog defibrilatora kako bi nau\u010dili osnovna na\u010dela kojih bi se trebali pridr\u017eavati pri pru\u017eanju prve pomo\u0107i. <\/p>\n\n\n\n<p>Op\u0107i cilj projekta je podizanje svijesti sudionika o va\u017enosti znanja i vje\u0161tina prve pomo\u0107i kako bi se spasilo \u0161to vi\u0161e \u017eivota, s time da obnove svoje postoje\u0107e znanje i\/ili nau\u010de nove vje\u0161tine koje steknu putem edukacija koje \u0107e prezentirati grupa mladih volontera unutar mati\u010dnih \u0161kola i vrti\u0107a, i udruga.<br>Specifi\u010dni cilj projekta je osposobiti \u0161to ve\u0107i broj djece i upoznavanje lokalne zajednice s postupcima prve pomo\u0107i u svim situacijama ozljeda i naglo nastupaju\u0107ih bolesti jer pravodobno i na pravilan na\u010din pru\u017eena prva pomo\u0107 smanjuje trajanje lije\u010denja, sprje\u010dava ili ubla\u017eava invalidnost, a nerijetko spa\u0161ava \u017eivot. Rezultati \u0107e se koristiti kako bi se privuklo vi\u0161e polaznika edukacija u budu\u0107nosti te nastavak i pro\u0161irenje provedbe aktivnosti na podru\u010dne \u0161kole i vrti\u0107a.<\/p>\n\n\n\n<p>Ovim projektom se rezultiralo da je educirano 243 djece osnovno\u0161kolske , 74 vrti\u0107ke dobi i 24 srednjo\u0161kolske dobi, te 41 gra\u0111anin lokalne zajednice na javnim doga\u0111anjima i 12 \u010dlanova udruga. Promovirane su objave sa projektnim aktivnostima na dru\u0161tvenim mre\u017eama Facebooka (1,4 tisu\u0107e pratitelja) i Instagram (574 pratitelja) te na slu\u017ebenoj web stranici GDCK Beli Manastir. Osmi\u0161ljen je i izra\u0111en baner s oznakama vidljivosti Europske unije i logom projekta. Uz cilj edukacije o prvoj pomo\u0107i nabavljeno je od opreme: Obitelj \u201cLittle family\u201d (lutke za reanimaciju od 3 \u010dlana- majka, dijete I beba); Prsluk za vje\u017ebanje Hamlichovog zahvata za odrasle; printer; edukacijski AVD ure\u0111aj; fotoaparat za bolju dokumentaciju aktivnosti projekta,  te potro\u0161ni materijali kao \u0161to su trokutne marame, kutije prve pomo\u0107i i sl.<\/p>\n\n\n\n<figure class=\"wp-block-image size-large\"><img loading=\"lazy\" width=\"1024\" height=\"264\" src=\"https:\/\/gdck-belimanastir.hr\/wp-content\/uploads\/2023\/06\/HR-Sufinancira-Europska-unija_POS-1024x264.jpg\" alt=\"\" class=\"wp-image-1648\" srcset=\"https:\/\/gdck-belimanastir.hr\/wp-content\/uploads\/2023\/06\/HR-Sufinancira-Europska-unija_POS-1024x264.jpg 1024w, https:\/\/gdck-belimanastir.hr\/wp-content\/uploads\/2023\/06\/HR-Sufinancira-Europska-unija_POS-300x77.jpg 300w, https:\/\/gdck-belimanastir.hr\/wp-content\/uploads\/2023\/06\/HR-Sufinancira-Europska-unija_POS-768x198.jpg 768w, https:\/\/gdck-belimanastir.hr\/wp-content\/uploads\/2023\/06\/HR-Sufinancira-Europska-unija_POS-1536x396.jpg 1536w, https:\/\/gdck-belimanastir.hr\/wp-content\/uploads\/2023\/06\/HR-Sufinancira-Europska-unija_POS-2048x528.jpg 2048w\" sizes=\"(max-width: 1024px) 100vw, 1024px\" \/><\/figure>\n\n\n\n<figure class=\"wp-block-image size-large is-resized\"><img loading=\"lazy\" src=\"https:\/\/gdck-belimanastir.hr\/wp-content\/uploads\/2023\/03\/SolidarityCorps_without_tagline-HR-1024x301.png\" alt=\"\" class=\"wp-image-1549\" width=\"667\" height=\"196\" srcset=\"https:\/\/gdck-belimanastir.hr\/wp-content\/uploads\/2023\/03\/SolidarityCorps_without_tagline-HR-1024x301.png 1024w, https:\/\/gdck-belimanastir.hr\/wp-content\/uploads\/2023\/03\/SolidarityCorps_without_tagline-HR-300x88.png 300w, https:\/\/gdck-belimanastir.hr\/wp-content\/uploads\/2023\/03\/SolidarityCorps_without_tagline-HR-768x226.png 768w, https:\/\/gdck-belimanastir.hr\/wp-content\/uploads\/2023\/03\/SolidarityCorps_without_tagline-HR-1536x451.png 1536w, https:\/\/gdck-belimanastir.hr\/wp-content\/uploads\/2023\/03\/SolidarityCorps_without_tagline-HR-2048x602.png 2048w\" sizes=\"(max-width: 667px) 100vw, 667px\" \/><\/figure>\n\n\n\n<figure class=\"wp-block-image size-large is-resized\"><img loading=\"lazy\" src=\"https:\/\/gdck-belimanastir.hr\/wp-content\/uploads\/2023\/03\/1434006659_ampeu-logo-hr-1024x400.jpg\" alt=\"\" class=\"wp-image-1548\" width=\"570\" height=\"222\" srcset=\"https:\/\/gdck-belimanastir.hr\/wp-content\/uploads\/2023\/03\/1434006659_ampeu-logo-hr-1024x400.jpg 1024w, https:\/\/gdck-belimanastir.hr\/wp-content\/uploads\/2023\/03\/1434006659_ampeu-logo-hr-300x117.jpg 300w, https:\/\/gdck-belimanastir.hr\/wp-content\/uploads\/2023\/03\/1434006659_ampeu-logo-hr-768x300.jpg 768w, https:\/\/gdck-belimanastir.hr\/wp-content\/uploads\/2023\/03\/1434006659_ampeu-logo-hr.jpg 1312w\" sizes=\"(max-width: 570px) 100vw, 570px\" \/><\/figure>\n\n\n\n<p><br><\/p>\n","protected":false},"excerpt":{"rendered":"<p>NOSITELJ:&nbsp;Hrvatski Crveni kri\u017e Gradsko dru\u0161tvo Crvenog kri\u017ea Beli Manastir IZVOR FINANCIRANJA:&nbsp;Projekt &#8220;Minuta \u017eivota&#8221; je sufinanciran od Europske komisije iz programa Europskih snaga solidarnosti. #eu#ess VRIJEDNOST PROJEKTA: 5.888,00 eura TRAJANJE PROJEKTA: 01.01.-31.10.2023. Projektom &#8220;Minuta \u017eivota&#8221; grupa mladih volontera ima u cilju educirati djecu osnovno\u0161kolske i vrti\u0107ke dobi, \u0161ire gra\u0111anstvo i \u010dlanove udruga o postupcima prve pomo\u0107i [&hellip;]<\/p>\n","protected":false},"author":1,"featured_media":1549,"parent":0,"menu_order":0,"comment_status":"closed","ping_status":"closed","template":"","meta":[],"_links":{"self":[{"href":"https:\/\/gdck-belimanastir.hr\/index.php?rest_route=\/wp\/v2\/pages\/1546"}],"collection":[{"href":"https:\/\/gdck-belimanastir.hr\/index.php?rest_route=\/wp\/v2\/pages"}],"about":[{"href":"https:\/\/gdck-belimanastir.hr\/index.php?rest_route=\/wp\/v2\/types\/page"}],"author":[{"embeddable":true,"href":"https:\/\/gdck-belimanastir.hr\/index.php?rest_route=\/wp\/v2\/users\/1"}],"replies":[{"embeddable":true,"href":"https:\/\/gdck-belimanastir.hr\/index.php?rest_route=%2Fwp%2Fv2%2Fcomments&post=1546"}],"version-history":[{"count":6,"href":"https:\/\/gdck-belimanastir.hr\/index.php?rest_route=\/wp\/v2\/pages\/1546\/revisions"}],"predecessor-version":[{"id":1967,"href":"https:\/\/gdck-belimanastir.hr\/index.php?rest_route=\/wp\/v2\/pages\/1546\/revisions\/1967"}],"wp:featuredmedia":[{"embeddable":true,"href":"https:\/\/gdck-belimanastir.hr\/index.php?rest_route=\/wp\/v2\/media\/1549"}],"wp:attachment":[{"href":"https:\/\/gdck-belimanastir.hr\/index.php?rest_route=%2Fwp%2Fv2%2Fmedia&parent=1546"}],"curies":[{"name":"wp","href":"https:\/\/api.w.org\/{rel}","templated":true}]}}