{"id":64,"date":"2020-10-18T18:00:06","date_gmt":"2020-10-18T16:00:06","guid":{"rendered":"http:\/\/gdck-belimanastir.hr\/?page_id=64"},"modified":"2020-10-21T18:54:33","modified_gmt":"2020-10-21T16:54:33","slug":"eticki-kodeks-volontera","status":"publish","type":"page","link":"https:\/\/gdck-belimanastir.hr\/?page_id=64","title":{"rendered":"Eti\u010dki kodeks volontera"},"content":{"rendered":"\n<p>Eti\u010dki kodeks volontera usvojio je Nacionalni odbor za razvoj volonterstva u svibnju 2008. godine. Kodeks propisuje pravila pona\u0161anja volontera, organizatora volontiranja i njihovih korisnika sukladno na\u010delima volontiranja iz Zakona. U cilju mu je pribli\u017eiti i bolje razraditi na\u010dela volontiranja kako bi se potakla njihova primjena u praksi. Kako stoji u samom tekstu Kodeksa, on predstavlja &#8216;minimalni zajedni\u010dki sustav vrijednosti koji organizatori volontiranja i volonteri prihva\u0107aju u svom podru\u010dju djelovanja&#8217;.<\/p>\n\n\n\n<p>Puni tekst Eti\u010dkog kodeksa volontera mo\u017eete preuzeti na ovom <a href=\"https:\/\/gdck-belimanastir.hr\/wp-content\/uploads\/2020\/10\/Eticki_kodeks_volontera_NN_55-2008.pdf\" target=\"_blank\" rel=\"noreferrer noopener\">LINKU<\/a><\/p>\n","protected":false},"excerpt":{"rendered":"<p>Eti\u010dki kodeks volontera usvojio je Nacionalni odbor za razvoj volonterstva u svibnju 2008. godine. Kodeks propisuje pravila pona\u0161anja volontera, organizatora volontiranja i njihovih korisnika sukladno na\u010delima volontiranja iz Zakona. U cilju mu je pribli\u017eiti i bolje razraditi na\u010dela volontiranja kako bi se potakla njihova primjena u praksi. Kako stoji u samom tekstu Kodeksa, on predstavlja [&hellip;]<\/p>\n","protected":false},"author":1,"featured_media":0,"parent":0,"menu_order":0,"comment_status":"closed","ping_status":"closed","template":"","meta":[],"_links":{"self":[{"href":"https:\/\/gdck-belimanastir.hr\/index.php?rest_route=\/wp\/v2\/pages\/64"}],"collection":[{"href":"https:\/\/gdck-belimanastir.hr\/index.php?rest_route=\/wp\/v2\/pages"}],"about":[{"href":"https:\/\/gdck-belimanastir.hr\/index.php?rest_route=\/wp\/v2\/types\/page"}],"author":[{"embeddable":true,"href":"https:\/\/gdck-belimanastir.hr\/index.php?rest_route=\/wp\/v2\/users\/1"}],"replies":[{"embeddable":true,"href":"https:\/\/gdck-belimanastir.hr\/index.php?rest_route=%2Fwp%2Fv2%2Fcomments&post=64"}],"version-history":[{"count":2,"href":"https:\/\/gdck-belimanastir.hr\/index.php?rest_route=\/wp\/v2\/pages\/64\/revisions"}],"predecessor-version":[{"id":306,"href":"https:\/\/gdck-belimanastir.hr\/index.php?rest_route=\/wp\/v2\/pages\/64\/revisions\/306"}],"wp:attachment":[{"href":"https:\/\/gdck-belimanastir.hr\/index.php?rest_route=%2Fwp%2Fv2%2Fmedia&parent=64"}],"curies":[{"name":"wp","href":"https:\/\/api.w.org\/{rel}","templated":true}]}}